{"id":13,"date":"2017-08-04T01:14:57","date_gmt":"2017-08-04T01:14:57","guid":{"rendered":"http:\/\/escuelafreudiana-arg.org\/sitio\/?page_id=13"},"modified":"2024-12-16T19:33:26","modified_gmt":"2024-12-16T19:33:26","slug":"comision-de-estatutos","status":"publish","type":"page","link":"http:\/\/escuelafreudiana-arg.org\/sitio\/escuela\/comision-de-estatutos\/","title":{"rendered":"Comisi\u00f3n Permanente de Estatutos"},"content":{"rendered":"\n<p class=\"has-black-color has-text-color\">Andres Barbarosch<br>Aida Canan<br>Noemi Ciampa<br>Laura Fumarco<br>Ana Laura Garcia<br>Eliana Zeferino<\/p>\n\n\n\n<p><strong>ART. 13 \u2013 COMISION PERMANENTE DE ESTATUTOS<\/strong><br>Su funci\u00f3n es relevar aquellos puntos del Estatuto sujetos a modificaci\u00f3n por los efectos de acumulaci\u00f3n de la experiencia con los dispositivos y que afecten a la Escuela. Estar\u00e1 integrada por seis miembros de la E.F.A.: tres A.M.E. y tres A.P. que resultar\u00e1n elegidos por mayor\u00eda simple entre aquellos que se postulen. La renovaci\u00f3n de al menos cuatro de sus integrantes se efectuar\u00e1 cada dos a\u00f1os en las elecciones de la E.F.A.<\/p>\n","protected":false},"excerpt":{"rendered":"<p>Andres BarbaroschAida CananNoemi CiampaLaura FumarcoAna Laura GarciaEliana Zeferino ART. 13 \u2013 COMISION PERMANENTE DE ESTATUTOSSu funci\u00f3n es relevar aquellos puntos del Estatuto sujetos a modificaci\u00f3n por los efectos de acumulaci\u00f3n de la experiencia con los dispositivos y que afecten a la Escuela. Estar\u00e1 integrada por seis miembros de la E.F.A.: tres A.M.E. y tres A.P. [&hellip;]<\/p>\n","protected":false},"author":1,"featured_media":0,"parent":2,"menu_order":25,"comment_status":"closed","ping_status":"closed","template":"","meta":{"footnotes":""},"class_list":["post-13","page","type-page","status-publish","hentry"],"_links":{"self":[{"href":"http:\/\/escuelafreudiana-arg.org\/sitio\/wp-json\/wp\/v2\/pages\/13","targetHints":{"allow":["GET"]}}],"collection":[{"href":"http:\/\/escuelafreudiana-arg.org\/sitio\/wp-json\/wp\/v2\/pages"}],"about":[{"href":"http:\/\/escuelafreudiana-arg.org\/sitio\/wp-json\/wp\/v2\/types\/page"}],"author":[{"embeddable":true,"href":"http:\/\/escuelafreudiana-arg.org\/sitio\/wp-json\/wp\/v2\/users\/1"}],"replies":[{"embeddable":true,"href":"http:\/\/escuelafreudiana-arg.org\/sitio\/wp-json\/wp\/v2\/comments?post=13"}],"version-history":[{"count":9,"href":"http:\/\/escuelafreudiana-arg.org\/sitio\/wp-json\/wp\/v2\/pages\/13\/revisions"}],"predecessor-version":[{"id":11455,"href":"http:\/\/escuelafreudiana-arg.org\/sitio\/wp-json\/wp\/v2\/pages\/13\/revisions\/11455"}],"up":[{"embeddable":true,"href":"http:\/\/escuelafreudiana-arg.org\/sitio\/wp-json\/wp\/v2\/pages\/2"}],"wp:attachment":[{"href":"http:\/\/escuelafreudiana-arg.org\/sitio\/wp-json\/wp\/v2\/media?parent=13"}],"curies":[{"name":"wp","href":"https:\/\/api.w.org\/{rel}","templated":true}]}}