{"id":42,"date":"2017-08-04T01:46:47","date_gmt":"2017-08-04T01:46:47","guid":{"rendered":"http:\/\/escuelafreudiana-arg.org\/sitio\/?page_id=42"},"modified":"2025-07-04T20:29:52","modified_gmt":"2025-07-04T20:29:52","slug":"lista-a-e","status":"publish","type":"page","link":"http:\/\/escuelafreudiana-arg.org\/sitio\/dispositivos-de-escuela\/cartel-de-pase\/lista-a-e\/","title":{"rendered":"Listado de A.E."},"content":{"rendered":"\n<p>Osvaldo Arribas (1993-1996)<\/p>\n\n\n\n<p>Ver\u00f3nica Cohen (1997-2000)<\/p>\n\n\n\n<p>Clelia Conde (1997-2000)<\/p>\n\n\n\n<p>Ursula Kirsch (2005-2008)<\/p>\n\n\n\n<p>Elsa Narv\u00e1ez (2005-2008)<\/p>\n\n\n\n<p>Noem\u00ed Ciampa (2008-2011)<\/p>\n\n\n\n<p>Ver\u00f3nica Cohen (2013-2016)<\/p>\n\n\n\n<p>Alicia Russ (2014-2017)<\/p>\n\n\n\n<p>Noem\u00ed Sirota (2014-2017)<\/p>\n\n\n\n<p>Alicia Hartmann (2018-2021)<\/p>\n\n\n\n<p>Juana Sak (2018-2021)<\/p>\n\n\n\n<p>Claudia Valenti (2023-2026)<\/p>\n\n\n\n<p>Mar\u00eda Clara Areta (2025-2028)<\/p>\n","protected":false},"excerpt":{"rendered":"<p>Osvaldo Arribas (1993-1996) Ver\u00f3nica Cohen (1997-2000) Clelia Conde (1997-2000) Ursula Kirsch (2005-2008) Elsa Narv\u00e1ez (2005-2008) Noem\u00ed Ciampa (2008-2011) Ver\u00f3nica Cohen (2013-2016) Alicia Russ (2014-2017) Noem\u00ed Sirota (2014-2017) Alicia Hartmann (2018-2021) Juana Sak (2018-2021) Claudia Valenti (2023-2026) Mar\u00eda Clara Areta (2025-2028)<\/p>\n","protected":false},"author":1,"featured_media":0,"parent":40,"menu_order":35,"comment_status":"closed","ping_status":"closed","template":"","meta":{"footnotes":""},"class_list":["post-42","page","type-page","status-publish","hentry"],"_links":{"self":[{"href":"http:\/\/escuelafreudiana-arg.org\/sitio\/wp-json\/wp\/v2\/pages\/42","targetHints":{"allow":["GET"]}}],"collection":[{"href":"http:\/\/escuelafreudiana-arg.org\/sitio\/wp-json\/wp\/v2\/pages"}],"about":[{"href":"http:\/\/escuelafreudiana-arg.org\/sitio\/wp-json\/wp\/v2\/types\/page"}],"author":[{"embeddable":true,"href":"http:\/\/escuelafreudiana-arg.org\/sitio\/wp-json\/wp\/v2\/users\/1"}],"replies":[{"embeddable":true,"href":"http:\/\/escuelafreudiana-arg.org\/sitio\/wp-json\/wp\/v2\/comments?post=42"}],"version-history":[{"count":7,"href":"http:\/\/escuelafreudiana-arg.org\/sitio\/wp-json\/wp\/v2\/pages\/42\/revisions"}],"predecessor-version":[{"id":11782,"href":"http:\/\/escuelafreudiana-arg.org\/sitio\/wp-json\/wp\/v2\/pages\/42\/revisions\/11782"}],"up":[{"embeddable":true,"href":"http:\/\/escuelafreudiana-arg.org\/sitio\/wp-json\/wp\/v2\/pages\/40"}],"wp:attachment":[{"href":"http:\/\/escuelafreudiana-arg.org\/sitio\/wp-json\/wp\/v2\/media?parent=42"}],"curies":[{"name":"wp","href":"https:\/\/api.w.org\/{rel}","templated":true}]}}