{"id":53,"date":"2017-08-04T01:59:31","date_gmt":"2017-08-04T01:59:31","guid":{"rendered":"http:\/\/escuelafreudiana-arg.org\/sitio\/?page_id=53"},"modified":"2025-12-23T18:15:09","modified_gmt":"2025-12-23T18:15:09","slug":"razones-de-la-practica","status":"publish","type":"page","link":"http:\/\/escuelafreudiana-arg.org\/sitio\/dispositivos-de-escuela\/razones-de-la-practica\/","title":{"rendered":"Razones de la pr\u00e1ctica"},"content":{"rendered":"<p>Esta actividad ser\u00e1 organizada por la Comisi\u00f3n de Garant\u00eda, quien tendr\u00e1 a su cargo la creaci\u00f3n de un dispositivo que permita a todos los miembros que quieran, en su car\u00e1cter de A.M.E. y de A.P., dar razones de su pr\u00e1ctica.<\/p>\n<p>Este lugar de transmisi\u00f3n es sostenido por los A.M.E. de la Escuela en tanto la responsabilidad que cada uno tiene respecto de la transmisi\u00f3n del psicoan\u00e1lisis por el Gradus que ocupa en la Escuela.<\/p>\n<p>La presentaci\u00f3n la pueden realizar del modo en que cada uno lo entienda y lo desarrollar\u00e1 seg\u00fan su criterio. Las cuestiones y\/o problemas que cada uno quiera presentar ser\u00e1n aquellas que considere importantes y de inter\u00e9s.<\/p>\n<p>La Comisi\u00f3n de Garant\u00eda es depositaria de la confianza para ejercer la coordinaci\u00f3n de la actividad de este lugar y designar el d\u00eda de la presentaci\u00f3n.<\/p>\n<p>Es necesario que quien pide hacer la presentaci\u00f3n, junto con la comunicaci\u00f3n de su inter\u00e9s, haga llegar tambi\u00e9n a la Comisi\u00f3n de Garant\u00eda, como m\u00ednimo 15 d\u00edas antes del viernes que se va a realizar la presentaci\u00f3n: 1) el t\u00edtulo de\u00a0la presentaci\u00f3n, 2) un peque\u00f1o texto donde escriba las l\u00edneas generales y\/o bibliograf\u00eda \u2013si la hubiere\u2013 del desarrollo que se propone hacer,<\/p>\n<p>&nbsp;<\/p>\n","protected":false},"excerpt":{"rendered":"<p>Esta actividad ser\u00e1 organizada por la Comisi\u00f3n de Garant\u00eda, quien tendr\u00e1 a su cargo la creaci\u00f3n de un dispositivo que permita a todos los miembros que quieran, en su car\u00e1cter de A.M.E. y de A.P., dar razones de su pr\u00e1ctica. Este lugar de transmisi\u00f3n es sostenido por los A.M.E. de la Escuela en tanto la [&hellip;]<\/p>\n","protected":false},"author":1,"featured_media":0,"parent":38,"menu_order":36,"comment_status":"closed","ping_status":"closed","template":"","meta":{"footnotes":""},"class_list":["post-53","page","type-page","status-publish","hentry"],"_links":{"self":[{"href":"http:\/\/escuelafreudiana-arg.org\/sitio\/wp-json\/wp\/v2\/pages\/53","targetHints":{"allow":["GET"]}}],"collection":[{"href":"http:\/\/escuelafreudiana-arg.org\/sitio\/wp-json\/wp\/v2\/pages"}],"about":[{"href":"http:\/\/escuelafreudiana-arg.org\/sitio\/wp-json\/wp\/v2\/types\/page"}],"author":[{"embeddable":true,"href":"http:\/\/escuelafreudiana-arg.org\/sitio\/wp-json\/wp\/v2\/users\/1"}],"replies":[{"embeddable":true,"href":"http:\/\/escuelafreudiana-arg.org\/sitio\/wp-json\/wp\/v2\/comments?post=53"}],"version-history":[{"count":4,"href":"http:\/\/escuelafreudiana-arg.org\/sitio\/wp-json\/wp\/v2\/pages\/53\/revisions"}],"predecessor-version":[{"id":12132,"href":"http:\/\/escuelafreudiana-arg.org\/sitio\/wp-json\/wp\/v2\/pages\/53\/revisions\/12132"}],"up":[{"embeddable":true,"href":"http:\/\/escuelafreudiana-arg.org\/sitio\/wp-json\/wp\/v2\/pages\/38"}],"wp:attachment":[{"href":"http:\/\/escuelafreudiana-arg.org\/sitio\/wp-json\/wp\/v2\/media?parent=53"}],"curies":[{"name":"wp","href":"https:\/\/api.w.org\/{rel}","templated":true}]}}